{"id":29304,"date":"2021-01-06T21:47:24","date_gmt":"2021-01-06T20:47:24","guid":{"rendered":"https:\/\/rpagani.art\/?page_id=29304"},"modified":"2021-01-08T13:46:27","modified_gmt":"2021-01-08T12:46:27","slug":"contact","status":"publish","type":"page","link":"https:\/\/rpagani.art\/?page_id=29304","title":{"rendered":"Contact"},"content":{"rendered":"<div class=\"bm-builder clearfix \"><div id=\"\" class=\"module col-12 module-id-1609966352517 col-offset-1\" data-module-col=\"12\"><div class=\"module-inside text-inside\" style=\"\"><div class=\"text_block_out \" data-animationend=\"fadeined\" data-effect=\"standard\"><div class=\"text_block ux-mod-nobg\"><div class=\"text_block_inn\"><div class=\"text_block_centered \"  style=\"\"><h2>Contact<\/h2><\/div><\/div><\/div><\/div><\/div><\/div><div id=\"\" class=\"module col-9 module-id-1609966075096 col-offset-1\" data-module-col=\"9\"><div class=\"module-inside contact-form-inside\" style=\"\"><div class=\"contactform ux-mod-nobg \" data-animationend=\"fadeined\"><form action=\"\/index.php?rest_route=%2Fwp%2Fv2%2Fpages%2F29304\" id=\"contact-form\" class=\"contact_form\" method=\"POST\"><div class=\"contactform-input\"><input type=\"text\" id=\"idi_name\" name=\"idi_name\" class=\"requiredField\" placeholder=\"Nom\" value=\"\" \/><\/div><div class=\"contactform-input\"><input type=\"text\" id=\"idi_mail\" name=\"idi_mail\" class=\"requiredField email\" placeholder=\"Email\" value=\"\" \/><\/div><div><textarea rows=\"4\" name=\"idi_text\" id=\"idi_text\" cols=\"4\" class=\"requiredField inputError\" placeholder=\"Votre Message\" ><\/textarea><\/div><input type=\"hidden\" class=\"info-tip\" value=\"send\" name=\"contact_form\" data-message=\"Merci pour votre message il a bien \u00e9t\u00e9 envoy\u00e9 nous vous r\u00e9pondrons dans les plus brefs d\u00e9lais \" data-sending=\"Envoyer\" \/><div class=\"btnarea\"><input type=\"submit\" class=\"idi_send\" name=\"idi_send\" value=\"Send\" \/><\/div><\/form><\/div><\/div><\/div><\/div>","protected":false},"excerpt":{"rendered":"<p>Contact<\/p>\n","protected":false},"author":1,"featured_media":0,"parent":0,"menu_order":0,"comment_status":"closed","ping_status":"closed","template":"","meta":{"inline_featured_image":false,"footnotes":""},"class_list":["post-29304","page","type-page","status-publish","hentry"],"yoast_head":"<!-- This site is optimized with the Yoast SEO plugin v27.3 - https:\/\/yoast.com\/product\/yoast-seo-wordpress\/ -->\n<title>Contact - PAGANI.<\/title>\n<meta name=\"robots\" content=\"index, follow, max-snippet:-1, max-image-preview:large, max-video-preview:-1\" \/>\n<link rel=\"canonical\" href=\"https:\/\/rpagani.art\/?page_id=29304\" \/>\n<meta property=\"og:locale\" content=\"fr_FR\" \/>\n<meta property=\"og:type\" content=\"article\" \/>\n<meta property=\"og:title\" content=\"Contact - PAGANI.\" \/>\n<meta property=\"og:description\" content=\"Contact\" \/>\n<meta property=\"og:url\" content=\"https:\/\/rpagani.art\/?page_id=29304\" \/>\n<meta property=\"og:site_name\" content=\"PAGANI.\" \/>\n<meta property=\"article:modified_time\" content=\"2021-01-08T12:46:27+00:00\" \/>\n<meta name=\"twitter:card\" content=\"summary_large_image\" \/>\n<script type=\"application\/ld+json\" class=\"yoast-schema-graph\">{\"@context\":\"https:\\\/\\\/schema.org\",\"@graph\":[{\"@type\":\"WebPage\",\"@id\":\"https:\\\/\\\/rpagani.art\\\/?page_id=29304\",\"url\":\"https:\\\/\\\/rpagani.art\\\/?page_id=29304\",\"name\":\"Contact - PAGANI.\",\"isPartOf\":{\"@id\":\"https:\\\/\\\/rpagani.art\\\/#website\"},\"datePublished\":\"2021-01-06T20:47:24+00:00\",\"dateModified\":\"2021-01-08T12:46:27+00:00\",\"breadcrumb\":{\"@id\":\"https:\\\/\\\/rpagani.art\\\/?page_id=29304#breadcrumb\"},\"inLanguage\":\"fr-FR\",\"potentialAction\":[{\"@type\":\"ReadAction\",\"target\":[\"https:\\\/\\\/rpagani.art\\\/?page_id=29304\"]}]},{\"@type\":\"BreadcrumbList\",\"@id\":\"https:\\\/\\\/rpagani.art\\\/?page_id=29304#breadcrumb\",\"itemListElement\":[{\"@type\":\"ListItem\",\"position\":1,\"name\":\"Accueil\",\"item\":\"https:\\\/\\\/rpagani.art\\\/\"},{\"@type\":\"ListItem\",\"position\":2,\"name\":\"Contact\"}]},{\"@type\":\"WebSite\",\"@id\":\"https:\\\/\\\/rpagani.art\\\/#website\",\"url\":\"https:\\\/\\\/rpagani.art\\\/\",\"name\":\"PAGANI.\",\"description\":\"\",\"publisher\":{\"@id\":\"https:\\\/\\\/rpagani.art\\\/#\\\/schema\\\/person\\\/8e546cb8c8da49654cabf119ea891ee9\"},\"potentialAction\":[{\"@type\":\"SearchAction\",\"target\":{\"@type\":\"EntryPoint\",\"urlTemplate\":\"https:\\\/\\\/rpagani.art\\\/?s={search_term_string}\"},\"query-input\":{\"@type\":\"PropertyValueSpecification\",\"valueRequired\":true,\"valueName\":\"search_term_string\"}}],\"inLanguage\":\"fr-FR\"},{\"@type\":[\"Person\",\"Organization\"],\"@id\":\"https:\\\/\\\/rpagani.art\\\/#\\\/schema\\\/person\\\/8e546cb8c8da49654cabf119ea891ee9\",\"name\":\"om\",\"image\":{\"@type\":\"ImageObject\",\"inLanguage\":\"fr-FR\",\"@id\":\"https:\\\/\\\/secure.gravatar.com\\\/avatar\\\/c7a02a53f48baf66215a821a95ebe814b8f5a375f8abc1e9d229c5e0c492ce3d?s=96&d=mm&r=g\",\"url\":\"https:\\\/\\\/secure.gravatar.com\\\/avatar\\\/c7a02a53f48baf66215a821a95ebe814b8f5a375f8abc1e9d229c5e0c492ce3d?s=96&d=mm&r=g\",\"contentUrl\":\"https:\\\/\\\/secure.gravatar.com\\\/avatar\\\/c7a02a53f48baf66215a821a95ebe814b8f5a375f8abc1e9d229c5e0c492ce3d?s=96&d=mm&r=g\",\"caption\":\"om\"},\"logo\":{\"@id\":\"https:\\\/\\\/secure.gravatar.com\\\/avatar\\\/c7a02a53f48baf66215a821a95ebe814b8f5a375f8abc1e9d229c5e0c492ce3d?s=96&d=mm&r=g\"},\"sameAs\":[\"https:\\\/\\\/rpagani.art\"]}]}<\/script>\n<!-- \/ Yoast SEO plugin. -->","yoast_head_json":{"title":"Contact - PAGANI.","robots":{"index":"index","follow":"follow","max-snippet":"max-snippet:-1","max-image-preview":"max-image-preview:large","max-video-preview":"max-video-preview:-1"},"canonical":"https:\/\/rpagani.art\/?page_id=29304","og_locale":"fr_FR","og_type":"article","og_title":"Contact - PAGANI.","og_description":"Contact","og_url":"https:\/\/rpagani.art\/?page_id=29304","og_site_name":"PAGANI.","article_modified_time":"2021-01-08T12:46:27+00:00","twitter_card":"summary_large_image","schema":{"@context":"https:\/\/schema.org","@graph":[{"@type":"WebPage","@id":"https:\/\/rpagani.art\/?page_id=29304","url":"https:\/\/rpagani.art\/?page_id=29304","name":"Contact - PAGANI.","isPartOf":{"@id":"https:\/\/rpagani.art\/#website"},"datePublished":"2021-01-06T20:47:24+00:00","dateModified":"2021-01-08T12:46:27+00:00","breadcrumb":{"@id":"https:\/\/rpagani.art\/?page_id=29304#breadcrumb"},"inLanguage":"fr-FR","potentialAction":[{"@type":"ReadAction","target":["https:\/\/rpagani.art\/?page_id=29304"]}]},{"@type":"BreadcrumbList","@id":"https:\/\/rpagani.art\/?page_id=29304#breadcrumb","itemListElement":[{"@type":"ListItem","position":1,"name":"Accueil","item":"https:\/\/rpagani.art\/"},{"@type":"ListItem","position":2,"name":"Contact"}]},{"@type":"WebSite","@id":"https:\/\/rpagani.art\/#website","url":"https:\/\/rpagani.art\/","name":"PAGANI.","description":"","publisher":{"@id":"https:\/\/rpagani.art\/#\/schema\/person\/8e546cb8c8da49654cabf119ea891ee9"},"potentialAction":[{"@type":"SearchAction","target":{"@type":"EntryPoint","urlTemplate":"https:\/\/rpagani.art\/?s={search_term_string}"},"query-input":{"@type":"PropertyValueSpecification","valueRequired":true,"valueName":"search_term_string"}}],"inLanguage":"fr-FR"},{"@type":["Person","Organization"],"@id":"https:\/\/rpagani.art\/#\/schema\/person\/8e546cb8c8da49654cabf119ea891ee9","name":"om","image":{"@type":"ImageObject","inLanguage":"fr-FR","@id":"https:\/\/secure.gravatar.com\/avatar\/c7a02a53f48baf66215a821a95ebe814b8f5a375f8abc1e9d229c5e0c492ce3d?s=96&d=mm&r=g","url":"https:\/\/secure.gravatar.com\/avatar\/c7a02a53f48baf66215a821a95ebe814b8f5a375f8abc1e9d229c5e0c492ce3d?s=96&d=mm&r=g","contentUrl":"https:\/\/secure.gravatar.com\/avatar\/c7a02a53f48baf66215a821a95ebe814b8f5a375f8abc1e9d229c5e0c492ce3d?s=96&d=mm&r=g","caption":"om"},"logo":{"@id":"https:\/\/secure.gravatar.com\/avatar\/c7a02a53f48baf66215a821a95ebe814b8f5a375f8abc1e9d229c5e0c492ce3d?s=96&d=mm&r=g"},"sameAs":["https:\/\/rpagani.art"]}]}},"_links":{"self":[{"href":"https:\/\/rpagani.art\/index.php?rest_route=\/wp\/v2\/pages\/29304","targetHints":{"allow":["GET"]}}],"collection":[{"href":"https:\/\/rpagani.art\/index.php?rest_route=\/wp\/v2\/pages"}],"about":[{"href":"https:\/\/rpagani.art\/index.php?rest_route=\/wp\/v2\/types\/page"}],"author":[{"embeddable":true,"href":"https:\/\/rpagani.art\/index.php?rest_route=\/wp\/v2\/users\/1"}],"replies":[{"embeddable":true,"href":"https:\/\/rpagani.art\/index.php?rest_route=%2Fwp%2Fv2%2Fcomments&post=29304"}],"version-history":[{"count":4,"href":"https:\/\/rpagani.art\/index.php?rest_route=\/wp\/v2\/pages\/29304\/revisions"}],"predecessor-version":[{"id":29310,"href":"https:\/\/rpagani.art\/index.php?rest_route=\/wp\/v2\/pages\/29304\/revisions\/29310"}],"wp:attachment":[{"href":"https:\/\/rpagani.art\/index.php?rest_route=%2Fwp%2Fv2%2Fmedia&parent=29304"}],"curies":[{"name":"wp","href":"https:\/\/api.w.org\/{rel}","templated":true}]}}