{"id":28845,"date":"2018-07-25T05:20:21","date_gmt":"2018-07-25T05:20:21","guid":{"rendered":"https:\/\/rpagani.art\/sea01\/?page_id=174"},"modified":"2026-01-03T15:04:03","modified_gmt":"2026-01-03T14:04:03","slug":"about","status":"publish","type":"page","link":"https:\/\/rpagani.art\/?page_id=28845","title":{"rendered":"About"},"content":{"rendered":"<div class=\"bm-builder clearfix \"><div id=\"\" class=\"module col-0 module-id-1532496052733 bm-wrap row-equal_spacing_v row-center\" data-module-col=\"0\" data-change-color=\"off\" data-backcolor=\"transparent\" data-frontcolor=\"\" data-logocolor=\"\" data-goto-top=\"off\" data-goto-top-spacing=\"0\" data-groupsameheight=\"off\"><div class=\"module-inside group-inside\" style=\"\"><div id=\"\" class=\"module col-12 module-id-1547614650053\" data-module-col=\"12\"><div class=\"module-inside single-image-inside\" style=\"\"><div class=\"single-image-out single-image-svg\"><div class=\"single-image align-center\"><span class=\"ux-hover-wrap-a\"><\/span><\/div><\/div><\/div><\/div><div id=\"\" class=\"module col-12 module-id-1538490803179\" data-module-col=\"12\"><div class=\"module-inside text-inside\" style=\"\"><div class=\"text_block_out \" data-animationend=\"fadeined\" data-effect=\"standard\"><div class=\"text_block ux-mod-nobg\"><div class=\"text_block_inn\"><div class=\"text_block_centered \"  style=\"\">\n<h1 style=\"text-align: center;\"><span style=\"font-size: 72px;\" data-msize=\"18\">Des images nous aident \u00e0 r\u00e9fl\u00e9chir l\u2019espace qui nous entoure ; s\u2019en faire une id\u00e9e en 3D\nreviendrait-il \u00e0 le percevoir mieux encore et ainsi \u00e0 approfondir notre compr\u00e9hension de nous-m\u00eames ?\n<\/span><\/h1><\/div><\/div><\/div><\/div><\/div><\/div><div id=\"\" class=\"module col-12 module-id-1547614721179\" data-module-col=\"12\"><div class=\"module-inside single-image-inside\" style=\"\"><div class=\"single-image-out single-image-svg\"><div class=\"single-image align-center\"><span class=\"ux-hover-wrap-a\"><\/span><\/div><\/div><\/div><\/div><\/div><\/div><div id=\"\" class=\"module col-4 module-id-1532496699187 bm-wrap row-top row-left bm-wrap-height-auto col-offset-1\" data-module-col=\"4\" data-change-color=\"on\" data-backcolor=\"#000000\" data-frontcolor=\"#ffffff\" data-logocolor=\"\" data-goto-top=\"off\" data-goto-top-spacing=\"0\" data-groupsameheight=\"\"><div class=\"module-inside group-inside\" style=\"\"><div id=\"\" class=\"module col-3 module-id-1532496749665\" data-module-col=\"3\"><div class=\"module-inside single-image-inside\" style=\"\"><div class=\"single-image-out  singleimage-center-ux\" data-animationend=\"fadeined\"><figure class=\"single-image   single-image-notfull\" ><div class=\"ux-hover-wrap\" style=\"padding-top: 66.5625%;\"><span class=\"ux-hover-wrap-a\"><img loading=\"lazy\" decoding=\"async\" alt=\"rpbw\" class=\"single-image-img lazy \" src=\"data:image\/gif;base64,R0lGODlhAQABAIAAAAAAAP\/\/\/yH5BAEAAAAALAAAAAABAAEAAAIBRAA7\" data-src=\"https:\/\/rpagani.art\/wp-content\/uploads\/2020\/12\/rpbw.jpg\" data-srcset=\"https:\/\/rpagani.art\/wp-content\/uploads\/2020\/12\/rpbw.jpg 640w, https:\/\/rpagani.art\/wp-content\/uploads\/2020\/12\/rpbw-300x200.jpg 300w, https:\/\/rpagani.art\/wp-content\/uploads\/2020\/12\/rpbw-350x233.jpg 350w\" data-sizes=\"(max-width: 480px) 320px,(max-width: 767px) 500px,(max-width: 640px) 100vw, 640px\" width=\"640\" height=\"426\"  \/><\/span><\/div><\/figure><\/div><\/div><\/div><\/div><\/div><div id=\"\" class=\"module col-6 module-id-1532498245724 bm-wrap row-top bm-wrap-height-auto\" data-module-col=\"6\" data-change-color=\"off\" data-backcolor=\"transparent\" data-frontcolor=\"\" data-logocolor=\"\" data-goto-top=\"off\" data-goto-top-spacing=\"\" data-groupsameheight=\"\"><div class=\"module-inside group-inside\" style=\"\"><div id=\"\" class=\"module col-5 module-id-1532498228664\" data-module-col=\"5\"><div class=\"module-inside text-inside\" style=\"\"><div class=\"text_block_out \" data-animationend=\"fadeined\" data-effect=\"standard\"><div class=\"text_block ux-mod-nobg\"><div class=\"text_block_inn\"><div class=\"text_block_centered \"  style=\"\"><p><\/p>\n<h5><span style=\"font-size: 28px;\"><b>R\u00e9my Pagani<\/b><\/span><\/h5><\/div><\/div><\/div><\/div><\/div><\/div><div id=\"\" class=\"module col-5 module-id-1532498379548\" data-module-col=\"5\"><div class=\"module-inside text-inside\" style=\"\"><div class=\"text_block_out \" data-animationend=\"fadeined\" data-effect=\"standard\"><div class=\"text_block ux-mod-nobg\"><div class=\"text_block_inn\"><div class=\"text_block_centered \"  style=\"\"><p class=\"Standard\">Depuis mon plus jeune \u00e2ge je sculpte.\nCette aventure de cr\u00e9ation ne date donc pas d\u2019hier.\nL\u2019id\u00e9e de confectionner des chaises m\u2019est venue lors d\u2019une exposition \u00e0 Paris qui laissait \u00e0 voir un sculpteur,\nmon a\u00een\u00e9 Wendell Castle (1932-2018) \u00c9tats-unien, il est issu des ann\u00e9es 1960 et des r\u00e9flexions d\u2019alors qui parcouraient le monde,\nretour \u00e0 la terre, lutte contre les guerres et l\u2019imp\u00e9rialisme. Se revendiquant de l\u2019artisanat, il mettait en forme l\u2019esth\u00e9tique de ces ann\u00e9es-l\u00e0.\nUn peu comme Le Corbusier (1887-1965) et surtout Charlotte Perriand (1903 \u2013 1999), architectes et designers qui, dans leur recherche de formes,\nsont parvenus \u00e0 imaginer une expression stylistique des ann\u00e9es de l\u2019entre-deux-guerres.<br>\n<br>\nCes personnalit\u00e9s et bien d\u2019autres encore m\u2019ont convaincu que si nous nous voulons \u00eatre l\u2019expression d\u2019une \u00e9poque et peut-\u00eatre en dessiner les fondements d\u2019une radicalit\u00e9 autre possible, nous devons en r\u00e9v\u00e9ler l\u2019esth\u00e9tique.<br>\n<br>\nDans ma cuisine, je me mis \u00e0 la t\u00e2che en r\u00e9alisant de nombreuses maquettes de chaises de moins de 20 centim\u00e8tres de hauteur.\nPuis vint le moment de la r\u00e9alisation au format 1\/1.\nD\u00e8s ce moment-l\u00e0 a germ\u00e9 l\u2019id\u00e9e d\u2019utiliser toutes les techniques actuelles&nbsp;; machine \u00e0 d\u00e9biter, calculs et dessin informatiques, impression 3D, etc.<br><\/p><\/div><\/div><\/div><\/div><\/div><\/div><\/div><\/div><\/div>","protected":false},"excerpt":{"rendered":"<p>Des images nous aident \u00e0 r\u00e9fl\u00e9chir l\u2019espace qui nous entoure &hellip;<\/p>\n","protected":false},"author":1,"featured_media":0,"parent":0,"menu_order":0,"comment_status":"closed","ping_status":"closed","template":"","meta":{"inline_featured_image":false,"footnotes":""},"class_list":["post-28845","page","type-page","status-publish","hentry"],"yoast_head":"<!-- This site is optimized with the Yoast SEO plugin v27.3 - https:\/\/yoast.com\/product\/yoast-seo-wordpress\/ -->\n<title>About - PAGANI.<\/title>\n<meta name=\"robots\" content=\"index, follow, max-snippet:-1, max-image-preview:large, max-video-preview:-1\" \/>\n<link rel=\"canonical\" href=\"https:\/\/rpagani.art\/?page_id=28845\" \/>\n<meta property=\"og:locale\" content=\"fr_FR\" \/>\n<meta property=\"og:type\" content=\"article\" \/>\n<meta property=\"og:title\" content=\"About - PAGANI.\" \/>\n<meta property=\"og:description\" content=\"Des images nous aident \u00e0 r\u00e9fl\u00e9chir l\u2019espace qui nous entoure &hellip;\" \/>\n<meta property=\"og:url\" content=\"https:\/\/rpagani.art\/?page_id=28845\" \/>\n<meta property=\"og:site_name\" content=\"PAGANI.\" \/>\n<meta property=\"article:modified_time\" content=\"2026-01-03T14:04:03+00:00\" \/>\n<meta name=\"twitter:card\" content=\"summary_large_image\" \/>\n<script type=\"application\/ld+json\" class=\"yoast-schema-graph\">{\"@context\":\"https:\\\/\\\/schema.org\",\"@graph\":[{\"@type\":\"WebPage\",\"@id\":\"https:\\\/\\\/rpagani.art\\\/?page_id=28845\",\"url\":\"https:\\\/\\\/rpagani.art\\\/?page_id=28845\",\"name\":\"About - PAGANI.\",\"isPartOf\":{\"@id\":\"https:\\\/\\\/rpagani.art\\\/#website\"},\"datePublished\":\"2018-07-25T05:20:21+00:00\",\"dateModified\":\"2026-01-03T14:04:03+00:00\",\"breadcrumb\":{\"@id\":\"https:\\\/\\\/rpagani.art\\\/?page_id=28845#breadcrumb\"},\"inLanguage\":\"fr-FR\",\"potentialAction\":[{\"@type\":\"ReadAction\",\"target\":[\"https:\\\/\\\/rpagani.art\\\/?page_id=28845\"]}]},{\"@type\":\"BreadcrumbList\",\"@id\":\"https:\\\/\\\/rpagani.art\\\/?page_id=28845#breadcrumb\",\"itemListElement\":[{\"@type\":\"ListItem\",\"position\":1,\"name\":\"Accueil\",\"item\":\"https:\\\/\\\/rpagani.art\\\/\"},{\"@type\":\"ListItem\",\"position\":2,\"name\":\"About\"}]},{\"@type\":\"WebSite\",\"@id\":\"https:\\\/\\\/rpagani.art\\\/#website\",\"url\":\"https:\\\/\\\/rpagani.art\\\/\",\"name\":\"PAGANI.\",\"description\":\"\",\"publisher\":{\"@id\":\"https:\\\/\\\/rpagani.art\\\/#\\\/schema\\\/person\\\/8e546cb8c8da49654cabf119ea891ee9\"},\"potentialAction\":[{\"@type\":\"SearchAction\",\"target\":{\"@type\":\"EntryPoint\",\"urlTemplate\":\"https:\\\/\\\/rpagani.art\\\/?s={search_term_string}\"},\"query-input\":{\"@type\":\"PropertyValueSpecification\",\"valueRequired\":true,\"valueName\":\"search_term_string\"}}],\"inLanguage\":\"fr-FR\"},{\"@type\":[\"Person\",\"Organization\"],\"@id\":\"https:\\\/\\\/rpagani.art\\\/#\\\/schema\\\/person\\\/8e546cb8c8da49654cabf119ea891ee9\",\"name\":\"om\",\"image\":{\"@type\":\"ImageObject\",\"inLanguage\":\"fr-FR\",\"@id\":\"https:\\\/\\\/secure.gravatar.com\\\/avatar\\\/c7a02a53f48baf66215a821a95ebe814b8f5a375f8abc1e9d229c5e0c492ce3d?s=96&d=mm&r=g\",\"url\":\"https:\\\/\\\/secure.gravatar.com\\\/avatar\\\/c7a02a53f48baf66215a821a95ebe814b8f5a375f8abc1e9d229c5e0c492ce3d?s=96&d=mm&r=g\",\"contentUrl\":\"https:\\\/\\\/secure.gravatar.com\\\/avatar\\\/c7a02a53f48baf66215a821a95ebe814b8f5a375f8abc1e9d229c5e0c492ce3d?s=96&d=mm&r=g\",\"caption\":\"om\"},\"logo\":{\"@id\":\"https:\\\/\\\/secure.gravatar.com\\\/avatar\\\/c7a02a53f48baf66215a821a95ebe814b8f5a375f8abc1e9d229c5e0c492ce3d?s=96&d=mm&r=g\"},\"sameAs\":[\"https:\\\/\\\/rpagani.art\"]}]}<\/script>\n<!-- \/ Yoast SEO plugin. -->","yoast_head_json":{"title":"About - PAGANI.","robots":{"index":"index","follow":"follow","max-snippet":"max-snippet:-1","max-image-preview":"max-image-preview:large","max-video-preview":"max-video-preview:-1"},"canonical":"https:\/\/rpagani.art\/?page_id=28845","og_locale":"fr_FR","og_type":"article","og_title":"About - PAGANI.","og_description":"Des images nous aident \u00e0 r\u00e9fl\u00e9chir l\u2019espace qui nous entoure &hellip;","og_url":"https:\/\/rpagani.art\/?page_id=28845","og_site_name":"PAGANI.","article_modified_time":"2026-01-03T14:04:03+00:00","twitter_card":"summary_large_image","schema":{"@context":"https:\/\/schema.org","@graph":[{"@type":"WebPage","@id":"https:\/\/rpagani.art\/?page_id=28845","url":"https:\/\/rpagani.art\/?page_id=28845","name":"About - PAGANI.","isPartOf":{"@id":"https:\/\/rpagani.art\/#website"},"datePublished":"2018-07-25T05:20:21+00:00","dateModified":"2026-01-03T14:04:03+00:00","breadcrumb":{"@id":"https:\/\/rpagani.art\/?page_id=28845#breadcrumb"},"inLanguage":"fr-FR","potentialAction":[{"@type":"ReadAction","target":["https:\/\/rpagani.art\/?page_id=28845"]}]},{"@type":"BreadcrumbList","@id":"https:\/\/rpagani.art\/?page_id=28845#breadcrumb","itemListElement":[{"@type":"ListItem","position":1,"name":"Accueil","item":"https:\/\/rpagani.art\/"},{"@type":"ListItem","position":2,"name":"About"}]},{"@type":"WebSite","@id":"https:\/\/rpagani.art\/#website","url":"https:\/\/rpagani.art\/","name":"PAGANI.","description":"","publisher":{"@id":"https:\/\/rpagani.art\/#\/schema\/person\/8e546cb8c8da49654cabf119ea891ee9"},"potentialAction":[{"@type":"SearchAction","target":{"@type":"EntryPoint","urlTemplate":"https:\/\/rpagani.art\/?s={search_term_string}"},"query-input":{"@type":"PropertyValueSpecification","valueRequired":true,"valueName":"search_term_string"}}],"inLanguage":"fr-FR"},{"@type":["Person","Organization"],"@id":"https:\/\/rpagani.art\/#\/schema\/person\/8e546cb8c8da49654cabf119ea891ee9","name":"om","image":{"@type":"ImageObject","inLanguage":"fr-FR","@id":"https:\/\/secure.gravatar.com\/avatar\/c7a02a53f48baf66215a821a95ebe814b8f5a375f8abc1e9d229c5e0c492ce3d?s=96&d=mm&r=g","url":"https:\/\/secure.gravatar.com\/avatar\/c7a02a53f48baf66215a821a95ebe814b8f5a375f8abc1e9d229c5e0c492ce3d?s=96&d=mm&r=g","contentUrl":"https:\/\/secure.gravatar.com\/avatar\/c7a02a53f48baf66215a821a95ebe814b8f5a375f8abc1e9d229c5e0c492ce3d?s=96&d=mm&r=g","caption":"om"},"logo":{"@id":"https:\/\/secure.gravatar.com\/avatar\/c7a02a53f48baf66215a821a95ebe814b8f5a375f8abc1e9d229c5e0c492ce3d?s=96&d=mm&r=g"},"sameAs":["https:\/\/rpagani.art"]}]}},"_links":{"self":[{"href":"https:\/\/rpagani.art\/index.php?rest_route=\/wp\/v2\/pages\/28845","targetHints":{"allow":["GET"]}}],"collection":[{"href":"https:\/\/rpagani.art\/index.php?rest_route=\/wp\/v2\/pages"}],"about":[{"href":"https:\/\/rpagani.art\/index.php?rest_route=\/wp\/v2\/types\/page"}],"author":[{"embeddable":true,"href":"https:\/\/rpagani.art\/index.php?rest_route=\/wp\/v2\/users\/1"}],"replies":[{"embeddable":true,"href":"https:\/\/rpagani.art\/index.php?rest_route=%2Fwp%2Fv2%2Fcomments&post=28845"}],"version-history":[{"count":1,"href":"https:\/\/rpagani.art\/index.php?rest_route=\/wp\/v2\/pages\/28845\/revisions"}],"predecessor-version":[{"id":29330,"href":"https:\/\/rpagani.art\/index.php?rest_route=\/wp\/v2\/pages\/28845\/revisions\/29330"}],"wp:attachment":[{"href":"https:\/\/rpagani.art\/index.php?rest_route=%2Fwp%2Fv2%2Fmedia&parent=28845"}],"curies":[{"name":"wp","href":"https:\/\/api.w.org\/{rel}","templated":true}]}}